{"id":27,"date":"2021-07-18T22:35:30","date_gmt":"2021-07-18T20:35:30","guid":{"rendered":"https:\/\/couventdetuani.com\/?page_id=27"},"modified":"2021-07-19T13:55:44","modified_gmt":"2021-07-19T11:55:44","slug":"accueil","status":"publish","type":"page","link":"https:\/\/www.couventdetuani.com\/","title":{"rendered":"Accueil"},"content":{"rendered":"\n<p>Bienvenue au Couvent de Tuani ! <\/p>\n\n\n\n<p>Un lieu exceptionnel pour passer ses vacances, en famille ou entre amis, dans un cadre naturel et paisible. Le couvent est class\u00e9 \u00e0 l&rsquo;inventaire suppl\u00e9mentaire des monuments historiques.<\/p>\n","protected":false},"excerpt":{"rendered":"<p>Bienvenue au Couvent de Tuani ! Un lieu exceptionnel pour passer ses vacances, en famille ou entre amis, dans un cadre naturel et paisible. Le couvent est class\u00e9 \u00e0 l&rsquo;inventaire suppl\u00e9mentaire des monuments historiques.<\/p>\n","protected":false},"author":1,"featured_media":0,"parent":0,"menu_order":0,"comment_status":"closed","ping_status":"closed","template":"","meta":{"footnotes":""},"class_list":["post-27","page","type-page","status-publish","hentry"],"_links":{"self":[{"href":"https:\/\/www.couventdetuani.com\/index.php\/wp-json\/wp\/v2\/pages\/27","targetHints":{"allow":["GET"]}}],"collection":[{"href":"https:\/\/www.couventdetuani.com\/index.php\/wp-json\/wp\/v2\/pages"}],"about":[{"href":"https:\/\/www.couventdetuani.com\/index.php\/wp-json\/wp\/v2\/types\/page"}],"author":[{"embeddable":true,"href":"https:\/\/www.couventdetuani.com\/index.php\/wp-json\/wp\/v2\/users\/1"}],"replies":[{"embeddable":true,"href":"https:\/\/www.couventdetuani.com\/index.php\/wp-json\/wp\/v2\/comments?post=27"}],"version-history":[{"count":2,"href":"https:\/\/www.couventdetuani.com\/index.php\/wp-json\/wp\/v2\/pages\/27\/revisions"}],"predecessor-version":[{"id":54,"href":"https:\/\/www.couventdetuani.com\/index.php\/wp-json\/wp\/v2\/pages\/27\/revisions\/54"}],"wp:attachment":[{"href":"https:\/\/www.couventdetuani.com\/index.php\/wp-json\/wp\/v2\/media?parent=27"}],"curies":[{"name":"wp","href":"https:\/\/api.w.org\/{rel}","templated":true}]}}